76 and 78.
6
Calculate the highest common divisor of 30 and 4725.
15
What is the highest common divisor of 133 and 3401?
19
Calculate the highest common divisor of 1 and 36.
1
What is the highest common factor of 57 and 1425?
57
Calculate the greatest common factor of 8 and 904.
8
What is the greatest common divisor of 8 and 6276?
4
Calculate the greatest common divisor of 99 and 3399.
33
Calculate the highest common factor of 244 and 1403.
61
Calculate the greatest common factor of 106 and 7897.
53
What is the highest common factor of 897 and 1404?
39
What is the highest common divisor of 1165 and 2796?
233
What is the greatest common divisor of 60 and 150?
30
What is the greatest common factor of 116 and 4?
4
What is the highest common divisor of 2429 and 7?
7
What is the greatest common divisor of 8 and 136?
8
What is the greatest common factor of 28 and 2030?
14
What is the highest common divisor of 4883 and 342?
19
Calculate the highest common divisor of 328 and 64.
8
What is the greatest common factor of 1 and 16?
1
What is the highest common divisor of 42 and 238?
14
Calculate the highest common divisor of 45 and 72.
9
What is the highest common factor of 108 and 72?
36
Calculate the highest common divisor of 990 and 300.
30
Calculate the highest common factor of 168 and 252.
84
What is the highest common divisor of 1829 and 31?
31
Calculate the highest common factor of 11 and 28501.
11
What is the highest common factor of 4172 and 56?
28
Calculate the greatest common divisor of 3247 and 68.
17
Calculate the greatest common divisor of 2109 and 627.
57
What is the greatest common divisor of 1197 and 42?
21
What is the highest common factor of 23 and 1?
1
Calculate the highest common divisor of 2814 and 36.
6
What is the highest common factor of 10 and 3430?
10
What is the greatest common divisor of 53 and 53?
53
What is the greatest common divisor of 7 and 707?
7
What is the highest common factor of 66 and 88?
22
Calculate the highest common divisor of 29 and 4321.
29
Calculate the greatest common divisor of 428 and 8.
4
Calculate the greatest common factor of 459 and 351.
27
Calculate the greatest common factor of 247 and 19.
19
Calculate the greatest common divisor of 95 and 20.
5
Calculate the highest common factor of 15 and 480.
15
Calculate the highest common divisor of 2379 and 13.
13
Calculate the greatest common divisor of 45 and 405.
45
What is the highest common divisor of 89 and 801?
89
Calculate the highest common factor of 48 and 552.
24
Calculate the highest common divisor of 24 and 243.
3
Calculate the highest common divisor of 4 and 148.
4
Calculate the greatest common divisor of 4 and 106.
2
Calculate the greatest common factor of 270 and 30.
30
What is the highest common factor of 8162 and 53?
53
What is the greatest common factor of 76 and 19?
19
Calculate the greatest common factor of 8 and 5064.
8
Calculate the greatest common factor of 8062 and 232.
58
What is the greatest common divisor of 35 and 616?
7
Calculate the greatest common factor of 68 and 8.
4
What is the greatest common factor of 45 and 225?
45
Calculate the greatest common divisor of 68 and 374.
34
Calculate the highest common factor of 320 and 60.
20
Calculate the highest common divisor of 315 and 1750.
35
What is the highest common divisor of 524 and 1441?
131
Calculate the highest common factor of 395 and 79.
79
What is the greatest common factor of 390 and 6396?
78
Calculate the highest common divisor of 1057 and 91.
7
Calculate the greatest common divisor of 121 and 88.
11
What is the highest common divisor of 468 and 32058?
234
Calculate the highest common factor of 14 and 28.
14
Calculate the highest common factor of 72 and 12.
12
What is the greatest common factor of 83 and 34777?
83
Calculate the highest common divisor of 67 and 3149.
67
Calculate the highest common factor of 689 and 1484.
53
Calculate the greatest common factor of 390 and 60.
30
Calculate the highest common factor of 208 and 200.
8
What is the greatest common factor of 48 and 948?
12
What is the highest common factor of 132 and 198?
66
Calculate the greatest common divisor of 198 and 627.
33
What is the highest common factor of 180 and 7110?
90
What is the greatest common divisor of 1599 and 1170?
39
What is the highest common factor of 2740 and 220?
20
Calculate the highest common factor of 725 and 29.
29
Calculate the highest common divisor of 42596 and 92.
92
Calculate the highest common factor of 270 and 2250.
90
Calculate the highest common divisor of 808 and 8686.
202
Calculate the highest common divisor of 16 and 21968.
16
What is the greatest common factor of 27 and 11?
1
What is the highest common factor of 570 and 420?
30
What is the highest common divisor of 316 and 20?
4
Calculate the highest common divisor of 34 and 136.
34
What is the greatest common factor of 36585 and 54?
27
What is the greatest common factor of 17 and 4097?
17
What is the highest common factor of 165 and 66990?
165
Calculate the greatest common divisor of 7888 and 1624.
232
Calculate the highest common divisor of 56 and 476.
28
Calculate the greatest common factor of 106 and 583.
53
What is the greatest common factor of 1 and 23?
1
What is the greatest common factor of 4032 and 7?
7
What is the greatest common divisor of 512 and 176?
16
Calculate the greatest common factor of 282 and 12.
6
Calculate the greatest common factor of 872 and 6649.
109
What is the highest common factor of 14 and 224?
14
Calculate the highest common factor of 143 and 221.
13
What is the highest common factor of 3973 and 87?
29
What is the greatest common factor of 8 and 960?
8
What is the greatest common factor of 14 and 8?
2
What is the greatest common divisor of 162 and 6?
6
Calculate the greatest common factor of 270 and 360.
90
Calculate the greatest common factor of 3465 and 220.
55
Calculate the greatest common divisor of 326 and 1141.
163
Calculate the greatest common divisor of 69 and 50577.
69
What is the highest common divisor of 1630 and 4727?
163
What is the greatest common divisor of 88 and 40?
8
Calculate the highest common divisor of 118696 and 296.
296
Calculate the highest common divisor of 12 and 1986.
6
What is the greatest common divisor of 908 and 16?
4
What is the greatest common divisor of 28 and 826?
14
What is the greatest common factor of 33 and 319?
11
What is the highest common factor of 222 and 78?
6
What is the highest common factor of 32 and 1184?
32
Calculate the highest common divisor of 60 and 1440.
60
Calculate the greatest common divisor of 2219 and 21.
7
What is the highest common factor of 30 and 70?
10
Calculate the highest common divisor of 5400 and 2925.
225
Calculate the greatest common factor of 43506 and 18.
18
What is the greatest common divisor of 833 and 952?
119
What is the highest common divisor of 166 and 913?
83
What is the greatest common factor of 134 and 335?
67
What is the highest common factor of 27 and 2232?
9
Calculate the greatest common divisor of 3726 and 648.
162
Calculate the highest common factor of 136 and 85.
17
Calculate the highest common divisor of 152 and 684.
76
Calculate the greatest common factor of 67 and 2.
1
Calculate the greatest common divisor of 20 and 292.
4
Calculate the highest common factor of 7716 and 60.
12
What is the highest common factor of 545 and 2398?
109
What is the greatest common factor of 323 and 152?
19
Calculate the highest common divisor of 20 and 505.
5
Calculate the greatest common divisor of 88 and 1551.
11
Calculate the greatest common divisor of 238 and 578.
34
What is the greatest common divisor of 195 and 405?
15
What is the greatest common factor of 1215 and 675?
135
What is the highest common divisor of 48 and 564?
12
What is the highest common divisor of 31 and 961?
31
Calculate the greatest common divisor of 728 and 1352.
104
Calculate the highest common divisor of 476 and 28.
28
Calculate the greatest common factor of 1128 and 96.
24
What is the highest common factor of 40 and 32?
8
What is the highest common divisor of 403 and 26?
13
What is the greatest common divisor of 44 and 164?
4
Calculate the greatest common divisor of 450 and 100.
50
Calculate the highest common factor of 750 and 18.
6
Calculat